{"id":1315,"date":"2024-02-23T09:57:32","date_gmt":"2024-02-23T08:57:32","guid":{"rendered":"https:\/\/jaczkovics.hu\/dr-hegedus-eszter\/"},"modified":"2025-04-02T12:58:06","modified_gmt":"2025-04-02T10:58:06","slug":"dr-hegedus-eszter","status":"publish","type":"page","link":"https:\/\/jaczkovics.hu\/en\/dr-hegedus-eszter\/","title":{"rendered":"dr. Heged\u0171s Eszter"},"content":{"rendered":"<p>[et_pb_section fb_built=&#8221;1&#8243; _builder_version=&#8221;4.24.0&#8243; _module_preset=&#8221;default&#8221; global_colors_info=&#8221;{}&#8221;][et_pb_row column_structure=&#8221;1_3,2_3&#8243; _builder_version=&#8221;4.24.0&#8243; _module_preset=&#8221;default&#8221; width=&#8221;85%&#8221; max_width=&#8221;2560px&#8221; global_colors_info=&#8221;{}&#8221;][et_pb_column type=&#8221;1_3&#8243; _builder_version=&#8221;4.24.0&#8243; _module_preset=&#8221;default&#8221; global_colors_info=&#8221;{}&#8221;][et_pb_image src=&#8221;https:\/\/jaczkovics.hu\/wp-content\/uploads\/2024\/02\/Hegedus-Eszter-ugyved.jpg&#8221; alt=&#8221;dr. Heged\u0171s Eszter&#8221; title_text=&#8221;dr. Heged\u0171s Eszter&#8221; _builder_version=&#8221;4.24.0&#8243; _module_preset=&#8221;default&#8221; animation_style=&#8221;fade&#8221; sticky_limit_bottom=&#8221;section&#8221; global_colors_info=&#8221;{}&#8221; filter_saturate__hover_enabled=&#8221;on|hover&#8221; filter_saturate__hover=&#8221;100%&#8221;][\/et_pb_image][\/et_pb_column][et_pb_column type=&#8221;2_3&#8243; _builder_version=&#8221;4.24.0&#8243; _module_preset=&#8221;default&#8221; global_colors_info=&#8221;{}&#8221;][et_pb_text _builder_version=&#8221;4.25.1&#8243; _module_preset=&#8221;default&#8221; text_font_size=&#8221;20px&#8221; header_text_color=&#8221;#ae0c21&#8243; header_font_size=&#8221;36px&#8221; custom_margin=&#8221;-1.4vh||||false|false&#8221; animation_style=&#8221;fade&#8221; global_colors_info=&#8221;{}&#8221;]<\/p>\n<h1><strong>dr. HEGED\u0170S Eszter<\/strong><\/h1>\n<p><strong>attorney-at-law<\/strong><\/p>\n<p>[\/et_pb_text][et_pb_text _builder_version=&#8221;4.25.1&#8243; _module_preset=&#8221;default&#8221; text_orientation=&#8221;justified&#8221; custom_padding=&#8221;||||false|false&#8221; global_colors_info=&#8221;{}&#8221;]<\/p>\n<p>She specializes in data protection and data security, labor law, and has extensive expertise in legal issues arising from the operation of educational and cultural institutions, media service providers and newspaper publishers as well.<\/p>\n<p>As a data protection and data security lawyer, she has up-to-date knowledge in conducting data protection audits and data protection compliance, including specific sectors such as workplace and health data processing or CCTV surveillance.<\/p>\n<p>She has considerable expertise in labor law matters and dispute resolution concerning specific employment relations and other like-wise relations.<\/p>\n<p>In the field of education, her expertise covers handling complex legal issues related to the operation of higher education institutions, institutional companies and adult education institutions, as well as student status. In the field of culture, she has expertise in practical issues related to the establishment and operation of theaters, museums and other public education institutions, in particular copyright and other issues related to the event organization involving performing arts organizations, authors and holders of other related rights.<\/p>\n<p>She has extensive experience in issues related to the operation of media service providers and press publishers, content production and social media, in particular in relation to privacy and press rectification cases concerning certain infringing content.<\/p>\n<p>She graduated in law from the E\u00f6tv\u00f6s Lor\u00e1nd University in 2007, where she obtained a degree in data protection and data security law in 2020. She has been with the office since 2009.<\/p>\n<p>[\/et_pb_text][et_pb_text _builder_version=&#8221;4.25.1&#8243; _module_preset=&#8221;default&#8221; text_text_color=&#8221;#ae0c21&#8243; text_font_size=&#8221;30px&#8221; text_line_height=&#8221;1.3em&#8221; custom_margin=&#8221;||10px||false|false&#8221; global_colors_info=&#8221;{}&#8221;]<\/p>\n<p><strong>Fields of law:\u00a0<\/strong><\/p>\n<p>[\/et_pb_text][et_pb_text _builder_version=&#8221;4.27.4&#8243; _module_preset=&#8221;default&#8221; link_text_color=&#8221;#0a0a0a&#8221; custom_padding=&#8221;||||false|false&#8221; hover_enabled=&#8221;0&#8243; global_colors_info=&#8221;{}&#8221; sticky_enabled=&#8221;0&#8243;]<\/p>\n<p><span style=\"color: #af0d21;\">\u25fc<\/span> <a href=\"https:\/\/jaczkovics.hu\/en\/data-protection-ai-and-freedom-of-information\/\">Data protection, AI and freedom of information<\/a><br \/><span style=\"color: #af0d21;\">\u25fc<\/span> <a href=\"https:\/\/jaczkovics.hu\/en\/labor-law\/\">Labor Law<\/a><br \/><span style=\"color: #af0d21;\">\u25fc<\/span> <a href=\"https:\/\/jaczkovics.hu\/en\/educational-and-cultural-institutions\/\">Educational and cultural institutions<\/a><br \/><span style=\"color: #af0d21;\">\u25fc<\/span> <a href=\"https:\/\/jaczkovics.hu\/en\/press-and-media\/\">Press and media law<\/a><\/p>\n<p>[\/et_pb_text][et_pb_blurb title=&#8221;+36 (1) 374 9020 &#8221; use_icon=&#8221;on&#8221; font_icon=&#8221;&#xe090;||divi||400&#8243; icon_color=&#8221;#ae0c21&#8243; icon_placement=&#8221;left&#8221; image_icon_width=&#8221;28px&#8221; content_max_width=&#8221;1100px&#8221; _builder_version=&#8221;4.24.0&#8243; _module_preset=&#8221;default&#8221; header_font_size=&#8221;14px&#8221; body_font=&#8221;Montserrat||||||||&#8221; custom_margin=&#8221;||10px||false|false&#8221; border_radii_image=&#8221;on|30px|30px|30px|30px&#8221; global_colors_info=&#8221;{}&#8221;][\/et_pb_blurb][et_pb_blurb title=&#8221;uh.scivokzcaj@retzse.sudegeh&#8221; use_icon=&#8221;on&#8221; font_icon=&#8221;&#xf0e0;||fa||900&#8243; icon_color=&#8221;#ae0c21&#8243; icon_placement=&#8221;left&#8221; image_icon_width=&#8221;28px&#8221; content_max_width=&#8221;1100px&#8221; _builder_version=&#8221;4.24.0&#8243; _module_preset=&#8221;default&#8221; header_font_size=&#8221;14px&#8221; body_font=&#8221;Montserrat||||||||&#8221; custom_margin=&#8221;||10px||false|false&#8221; link_option_url=&#8221;mailto:hegedus.eszter%40jaczkovics.hu&#8221; custom_css_blurb_title=&#8221;unicode-bidi:bidi-override;||direction:rtl;||&#8221; global_colors_info=&#8221;{}&#8221;][\/et_pb_blurb][et_pb_blurb title=&#8221;LinkedIn&#8221; use_icon=&#8221;on&#8221; font_icon=&#8221;&#xe0cb;||divi||400&#8243; icon_color=&#8221;#ae0c21&#8243; icon_placement=&#8221;left&#8221; image_icon_width=&#8221;28px&#8221; content_max_width=&#8221;1100px&#8221; _builder_version=&#8221;4.24.0&#8243; _module_preset=&#8221;default&#8221; header_font_size=&#8221;14px&#8221; body_font=&#8221;Montserrat||||||||&#8221; custom_margin=&#8221;||10px||false|false&#8221; link_option_url=&#8221;https:\/\/www.linkedin.com\/in\/drhegeduseszter\/&#8221; link_option_url_new_window=&#8221;on&#8221; custom_css_blurb_title=&#8221;margin-top: 4px;&#8221; global_colors_info=&#8221;{}&#8221;][\/et_pb_blurb][\/et_pb_column][\/et_pb_row][\/et_pb_section]<\/p>\n","protected":false},"excerpt":{"rendered":"<p>dr. HEGED\u0170S Eszter attorney-at-lawShe specializes in data protection and data security, labor law, and has extensive expertise in legal issues arising from the operation of educational and cultural institutions, media service providers and newspaper publishers as well. As a data protection and data security lawyer, she has up-to-date knowledge in conducting data protection audits and [&hellip;]<\/p>\n","protected":false},"author":2,"featured_media":0,"parent":0,"menu_order":0,"comment_status":"closed","ping_status":"closed","template":"","meta":{"_et_pb_use_builder":"on","_et_pb_old_content":"","_et_gb_content_width":"","footnotes":""},"class_list":["post-1315","page","type-page","status-publish","hentry"],"yoast_head":"<!-- This site is optimized with the Yoast SEO Premium plugin v27.4 (Yoast SEO v27.4) - https:\/\/yoast.com\/product\/yoast-seo-premium-wordpress\/ -->\n<title>dr. Heged\u0171s Eszter - Jaczkovics \u00dcgyv\u00e9di Iroda<\/title>\n<meta name=\"robots\" content=\"index, follow, max-snippet:-1, max-image-preview:large, max-video-preview:-1\" \/>\n<link rel=\"canonical\" href=\"https:\/\/jaczkovics.hu\/en\/dr-hegedus-eszter\/\" \/>\n<meta property=\"og:locale\" content=\"en_US\" \/>\n<meta property=\"og:type\" content=\"article\" \/>\n<meta property=\"og:title\" content=\"dr. Heged\u0171s Eszter\" \/>\n<meta property=\"og:description\" content=\"dr. HEGED\u0170S Eszter attorney-at-lawShe specializes in data protection and data security, labor law, and has extensive expertise in legal issues arising from the operation of educational and cultural institutions, media service providers and newspaper publishers as well. As a data protection and data security lawyer, she has up-to-date knowledge in conducting data protection audits and [&hellip;]\" \/>\n<meta property=\"og:url\" content=\"https:\/\/jaczkovics.hu\/en\/dr-hegedus-eszter\/\" \/>\n<meta property=\"og:site_name\" content=\"Jaczkovics \u00dcgyv\u00e9di Iroda\" \/>\n<meta property=\"article:modified_time\" content=\"2025-04-02T10:58:06+00:00\" \/>\n<meta property=\"og:image\" content=\"https:\/\/jaczkovics.hu\/wp-content\/uploads\/2024\/03\/Jaczkovics-Ugyvedi-Iroda-og.jpg\" \/>\n\t<meta property=\"og:image:width\" content=\"1125\" \/>\n\t<meta property=\"og:image:height\" content=\"633\" \/>\n\t<meta property=\"og:image:type\" content=\"image\/jpeg\" \/>\n<meta name=\"twitter:card\" content=\"summary_large_image\" \/>\n<meta name=\"twitter:label1\" content=\"Est. reading time\" \/>\n\t<meta name=\"twitter:data1\" content=\"2 minutes\" \/>\n<script type=\"application\/ld+json\" class=\"yoast-schema-graph\">{\"@context\":\"https:\\\/\\\/schema.org\",\"@graph\":[{\"@type\":\"WebPage\",\"@id\":\"https:\\\/\\\/jaczkovics.hu\\\/en\\\/dr-hegedus-eszter\\\/\",\"url\":\"https:\\\/\\\/jaczkovics.hu\\\/en\\\/dr-hegedus-eszter\\\/\",\"name\":\"dr. Heged\u0171s Eszter - Jaczkovics \u00dcgyv\u00e9di Iroda\",\"isPartOf\":{\"@id\":\"https:\\\/\\\/jaczkovics.hu\\\/#website\"},\"datePublished\":\"2024-02-23T08:57:32+00:00\",\"dateModified\":\"2025-04-02T10:58:06+00:00\",\"breadcrumb\":{\"@id\":\"https:\\\/\\\/jaczkovics.hu\\\/en\\\/dr-hegedus-eszter\\\/#breadcrumb\"},\"inLanguage\":\"en-US\",\"potentialAction\":[{\"@type\":\"ReadAction\",\"target\":[\"https:\\\/\\\/jaczkovics.hu\\\/en\\\/dr-hegedus-eszter\\\/\"]}]},{\"@type\":\"BreadcrumbList\",\"@id\":\"https:\\\/\\\/jaczkovics.hu\\\/en\\\/dr-hegedus-eszter\\\/#breadcrumb\",\"itemListElement\":[{\"@type\":\"ListItem\",\"position\":1,\"name\":\"Kezd\u0151lap\",\"item\":\"https:\\\/\\\/jaczkovics.hu\\\/en\\\/home\\\/\"},{\"@type\":\"ListItem\",\"position\":2,\"name\":\"dr. Heged\u0171s Eszter\"}]},{\"@type\":\"WebSite\",\"@id\":\"https:\\\/\\\/jaczkovics.hu\\\/#website\",\"url\":\"https:\\\/\\\/jaczkovics.hu\\\/\",\"name\":\"Jaczkovics \u00dcgyv\u00e9di Iroda\",\"description\":\"\",\"potentialAction\":[{\"@type\":\"SearchAction\",\"target\":{\"@type\":\"EntryPoint\",\"urlTemplate\":\"https:\\\/\\\/jaczkovics.hu\\\/?s={search_term_string}\"},\"query-input\":{\"@type\":\"PropertyValueSpecification\",\"valueRequired\":true,\"valueName\":\"search_term_string\"}}],\"inLanguage\":\"en-US\"}]}<\/script>\n<!-- \/ Yoast SEO Premium plugin. -->","yoast_head_json":{"title":"dr. Heged\u0171s Eszter - Jaczkovics \u00dcgyv\u00e9di Iroda","robots":{"index":"index","follow":"follow","max-snippet":"max-snippet:-1","max-image-preview":"max-image-preview:large","max-video-preview":"max-video-preview:-1"},"canonical":"https:\/\/jaczkovics.hu\/en\/dr-hegedus-eszter\/","og_locale":"en_US","og_type":"article","og_title":"dr. Heged\u0171s Eszter","og_description":"dr. HEGED\u0170S Eszter attorney-at-lawShe specializes in data protection and data security, labor law, and has extensive expertise in legal issues arising from the operation of educational and cultural institutions, media service providers and newspaper publishers as well. As a data protection and data security lawyer, she has up-to-date knowledge in conducting data protection audits and [&hellip;]","og_url":"https:\/\/jaczkovics.hu\/en\/dr-hegedus-eszter\/","og_site_name":"Jaczkovics \u00dcgyv\u00e9di Iroda","article_modified_time":"2025-04-02T10:58:06+00:00","og_image":[{"width":1125,"height":633,"url":"https:\/\/jaczkovics.hu\/wp-content\/uploads\/2024\/03\/Jaczkovics-Ugyvedi-Iroda-og.jpg","type":"image\/jpeg"}],"twitter_card":"summary_large_image","twitter_misc":{"Est. reading time":"2 minutes"},"schema":{"@context":"https:\/\/schema.org","@graph":[{"@type":"WebPage","@id":"https:\/\/jaczkovics.hu\/en\/dr-hegedus-eszter\/","url":"https:\/\/jaczkovics.hu\/en\/dr-hegedus-eszter\/","name":"dr. Heged\u0171s Eszter - Jaczkovics \u00dcgyv\u00e9di Iroda","isPartOf":{"@id":"https:\/\/jaczkovics.hu\/#website"},"datePublished":"2024-02-23T08:57:32+00:00","dateModified":"2025-04-02T10:58:06+00:00","breadcrumb":{"@id":"https:\/\/jaczkovics.hu\/en\/dr-hegedus-eszter\/#breadcrumb"},"inLanguage":"en-US","potentialAction":[{"@type":"ReadAction","target":["https:\/\/jaczkovics.hu\/en\/dr-hegedus-eszter\/"]}]},{"@type":"BreadcrumbList","@id":"https:\/\/jaczkovics.hu\/en\/dr-hegedus-eszter\/#breadcrumb","itemListElement":[{"@type":"ListItem","position":1,"name":"Kezd\u0151lap","item":"https:\/\/jaczkovics.hu\/en\/home\/"},{"@type":"ListItem","position":2,"name":"dr. Heged\u0171s Eszter"}]},{"@type":"WebSite","@id":"https:\/\/jaczkovics.hu\/#website","url":"https:\/\/jaczkovics.hu\/","name":"Jaczkovics \u00dcgyv\u00e9di Iroda","description":"","potentialAction":[{"@type":"SearchAction","target":{"@type":"EntryPoint","urlTemplate":"https:\/\/jaczkovics.hu\/?s={search_term_string}"},"query-input":{"@type":"PropertyValueSpecification","valueRequired":true,"valueName":"search_term_string"}}],"inLanguage":"en-US"}]}},"_links":{"self":[{"href":"https:\/\/jaczkovics.hu\/en\/wp-json\/wp\/v2\/pages\/1315","targetHints":{"allow":["GET"]}}],"collection":[{"href":"https:\/\/jaczkovics.hu\/en\/wp-json\/wp\/v2\/pages"}],"about":[{"href":"https:\/\/jaczkovics.hu\/en\/wp-json\/wp\/v2\/types\/page"}],"author":[{"embeddable":true,"href":"https:\/\/jaczkovics.hu\/en\/wp-json\/wp\/v2\/users\/2"}],"replies":[{"embeddable":true,"href":"https:\/\/jaczkovics.hu\/en\/wp-json\/wp\/v2\/comments?post=1315"}],"version-history":[{"count":3,"href":"https:\/\/jaczkovics.hu\/en\/wp-json\/wp\/v2\/pages\/1315\/revisions"}],"predecessor-version":[{"id":1669,"href":"https:\/\/jaczkovics.hu\/en\/wp-json\/wp\/v2\/pages\/1315\/revisions\/1669"}],"wp:attachment":[{"href":"https:\/\/jaczkovics.hu\/en\/wp-json\/wp\/v2\/media?parent=1315"}],"curies":[{"name":"wp","href":"https:\/\/api.w.org\/{rel}","templated":true}]}}

dr. Hegedűs Eszter

<p>[et_pb_section fb_built=&#8221;1&#8243; _builder_version=&#8221;4.24.0&#8243; _module_preset=&#8221;default&#8221; global_colors_info=&#8221;{}&#8221;][et_pb_row column_structure=&#8221;1_3,2_3&#8243; _builder_version=&#8221;4.24.0&#8243; _module_preset=&#8221;default&#8221; width=&#8221;85%&#8221; max_width=&#8221;2560px&#8221; global_colors_info=&#8221;{}&#8221;][et_pb_column type=&#8221;1_3&#8243; _builder_version=&#8221;4.24.0&#8243; _module_preset=&#8221;default&#8221; global_colors_info=&#8221;{}&#8221;][et_pb_image src=&#8221;https://jaczkovics.hu/wp-content/uploads/2024/02/Hegedus-Eszter-ugyved.jpg&#8221; alt=&#8221;dr. Hegedűs Eszter&#8221; title_text=&#8221;dr. Hegedűs Eszter&#8221; _builder_version=&#8221;4.24.0&#8243; _module_preset=&#8221;default&#8221; animation_style=&#8221;fade&#8221; sticky_limit_bottom=&#8221;section&#8221; global_colors_info=&#8221;{}&#8221; filter_saturate__hover_enabled=&#8221;on|hover&#8221; filter_saturate__hover=&#8221;100%&#8221;][/et_pb_image][/et_pb_column][et_pb_column type=&#8221;2_3&#8243; _builder_version=&#8221;4.24.0&#8243; _module_preset=&#8221;default&#8221; global_colors_info=&#8221;{}&#8221;][et_pb_text _builder_version=&#8221;4.25.1&#8243; _module_preset=&#8221;default&#8221; text_font_size=&#8221;20px&#8221; header_text_color=&#8221;#ae0c21&#8243; header_font_size=&#8221;36px&#8221; custom_margin=&#8221;-1.4vh||||false|false&#8221; animation_style=&#8221;fade&#8221; global_colors_info=&#8221;{}&#8221;]</p>
<h1><strong>dr. HEGEDŰS Eszter</strong></h1>
<p><strong>attorney-at-law</strong></p>
<p>[/et_pb_text][et_pb_text _builder_version=&#8221;4.25.1&#8243; _module_preset=&#8221;default&#8221; text_orientation=&#8221;justified&#8221; custom_padding=&#8221;||||false|false&#8221; global_colors_info=&#8221;{}&#8221;]</p>
<p>She specializes in data protection and data security, labor law, and has extensive expertise in legal issues arising from the operation of educational and cultural institutions, media service providers and newspaper publishers as well.</p>
<p>As a data protection and data security lawyer, she has up-to-date knowledge in conducting data protection audits and data protection compliance, including specific sectors such as workplace and health data processing or CCTV surveillance.</p>
<p>She has considerable expertise in labor law matters and dispute resolution concerning specific employment relations and other like-wise relations.</p>
<p>In the field of education, her expertise covers handling complex legal issues related to the operation of higher education institutions, institutional companies and adult education institutions, as well as student status. In the field of culture, she has expertise in practical issues related to the establishment and operation of theaters, museums and other public education institutions, in particular copyright and other issues related to the event organization involving performing arts organizations, authors and holders of other related rights.</p>
<p>She has extensive experience in issues related to the operation of media service providers and press publishers, content production and social media, in particular in relation to privacy and press rectification cases concerning certain infringing content.</p>
<p>She graduated in law from the Eötvös Loránd University in 2007, where she obtained a degree in data protection and data security law in 2020. She has been with the office since 2009.</p>
<p>[/et_pb_text][et_pb_text _builder_version=&#8221;4.25.1&#8243; _module_preset=&#8221;default&#8221; text_text_color=&#8221;#ae0c21&#8243; text_font_size=&#8221;30px&#8221; text_line_height=&#8221;1.3em&#8221; custom_margin=&#8221;||10px||false|false&#8221; global_colors_info=&#8221;{}&#8221;]</p>
<p><strong>Fields of law: </strong></p>
<p>[/et_pb_text][et_pb_text _builder_version=&#8221;4.27.4&#8243; _module_preset=&#8221;default&#8221; link_text_color=&#8221;#0a0a0a&#8221; custom_padding=&#8221;||||false|false&#8221; hover_enabled=&#8221;0&#8243; global_colors_info=&#8221;{}&#8221; sticky_enabled=&#8221;0&#8243;]</p>
<p><span style="color: #af0d21;">◼</span> <a href="https://jaczkovics.hu/en/data-protection-ai-and-freedom-of-information/">Data protection, AI and freedom of information</a><br /><span style="color: #af0d21;">◼</span> <a href="https://jaczkovics.hu/en/labor-law/">Labor Law</a><br /><span style="color: #af0d21;">◼</span> <a href="https://jaczkovics.hu/en/educational-and-cultural-institutions/">Educational and cultural institutions</a><br /><span style="color: #af0d21;">◼</span> <a href="https://jaczkovics.hu/en/press-and-media/">Press and media law</a></p>
<p>[/et_pb_text][et_pb_blurb title=&#8221;+36 (1) 374 9020 &#8221; use_icon=&#8221;on&#8221; font_icon=&#8221;&#xe090;||divi||400&#8243; icon_color=&#8221;#ae0c21&#8243; icon_placement=&#8221;left&#8221; image_icon_width=&#8221;28px&#8221; content_max_width=&#8221;1100px&#8221; _builder_version=&#8221;4.24.0&#8243; _module_preset=&#8221;default&#8221; header_font_size=&#8221;14px&#8221; body_font=&#8221;Montserrat||||||||&#8221; custom_margin=&#8221;||10px||false|false&#8221; border_radii_image=&#8221;on|30px|30px|30px|30px&#8221; global_colors_info=&#8221;{}&#8221;][/et_pb_blurb][et_pb_blurb title=&#8221;uh.scivokzcaj@retzse.sudegeh&#8221; use_icon=&#8221;on&#8221; font_icon=&#8221;&#xf0e0;||fa||900&#8243; icon_color=&#8221;#ae0c21&#8243; icon_placement=&#8221;left&#8221; image_icon_width=&#8221;28px&#8221; content_max_width=&#8221;1100px&#8221; _builder_version=&#8221;4.24.0&#8243; _module_preset=&#8221;default&#8221; header_font_size=&#8221;14px&#8221; body_font=&#8221;Montserrat||||||||&#8221; custom_margin=&#8221;||10px||false|false&#8221; link_option_url=&#8221;mailto:hegedus.eszter%40jaczkovics.hu&#8221; custom_css_blurb_title=&#8221;unicode-bidi:bidi-override;||direction:rtl;||&#8221; global_colors_info=&#8221;{}&#8221;][/et_pb_blurb][et_pb_blurb title=&#8221;LinkedIn&#8221; use_icon=&#8221;on&#8221; font_icon=&#8221;&#xe0cb;||divi||400&#8243; icon_color=&#8221;#ae0c21&#8243; icon_placement=&#8221;left&#8221; image_icon_width=&#8221;28px&#8221; content_max_width=&#8221;1100px&#8221; _builder_version=&#8221;4.24.0&#8243; _module_preset=&#8221;default&#8221; header_font_size=&#8221;14px&#8221; body_font=&#8221;Montserrat||||||||&#8221; custom_margin=&#8221;||10px||false|false&#8221; link_option_url=&#8221;https://www.linkedin.com/in/drhegeduseszter/&#8221; link_option_url_new_window=&#8221;on&#8221; custom_css_blurb_title=&#8221;margin-top: 4px;&#8221; global_colors_info=&#8221;{}&#8221;][/et_pb_blurb][/et_pb_column][/et_pb_row][/et_pb_section]</p>

<p>dr. HEGEDŰS Eszter attorney-at-lawShe specializes in data protection and data security, labor law, and has extensive expertise in legal issues arising from the operation of educational and cultural institutions, media service providers and newspaper publishers as well. As a data protection and data security lawyer, she has up-to-date knowledge in conducting data protection audits and [&hellip;]</p>

<!-- This site is optimized with the Yoast SEO Premium plugin v27.4 (Yoast SEO v27.4) - https://yoast.com/product/yoast-seo-premium-wordpress/ -->
<title>dr. Hegedűs Eszter - Jaczkovics Ügyvédi Iroda</title>
<meta name="robots" content="index, follow, max-snippet:-1, max-image-preview:large, max-video-preview:-1" />
<link rel="canonical" href="https://jaczkovics.hu/en/dr-hegedus-eszter/" />
<meta property="og:locale" content="en_US" />
<meta property="og:type" content="article" />
<meta property="og:title" content="dr. Hegedűs Eszter" />
<meta property="og:description" content="dr. HEGEDŰS Eszter attorney-at-lawShe specializes in data protection and data security, labor law, and has extensive expertise in legal issues arising from the operation of educational and cultural institutions, media service providers and newspaper publishers as well. As a data protection and data security lawyer, she has up-to-date knowledge in conducting data protection audits and [&hellip;]" />
<meta property="og:url" content="https://jaczkovics.hu/en/dr-hegedus-eszter/" />
<meta property="og:site_name" content="Jaczkovics Ügyvédi Iroda" />
<meta property="article:modified_time" content="2025-04-02T10:58:06+00:00" />
<meta property="og:image" content="https://jaczkovics.hu/wp-content/uploads/2024/03/Jaczkovics-Ugyvedi-Iroda-og.jpg" />
	<meta property="og:image:width" content="1125" />
	<meta property="og:image:height" content="633" />
	<meta property="og:image:type" content="image/jpeg" />
<meta name="twitter:card" content="summary_large_image" />
<meta name="twitter:label1" content="Est. reading time" />
	<meta name="twitter:data1" content="2 minutes" />
<script type="application/ld+json" class="yoast-schema-graph">{"@context":"https:\/\/schema.org","@graph":[{"@type":"WebPage","@id":"https:\/\/jaczkovics.hu\/en\/dr-hegedus-eszter\/","url":"https:\/\/jaczkovics.hu\/en\/dr-hegedus-eszter\/","name":"dr. Hegedűs Eszter - Jaczkovics Ügyvédi Iroda","isPartOf":{"@id":"https:\/\/jaczkovics.hu\/#website"},"datePublished":"2024-02-23T08:57:32+00:00","dateModified":"2025-04-02T10:58:06+00:00","breadcrumb":{"@id":"https:\/\/jaczkovics.hu\/en\/dr-hegedus-eszter\/#breadcrumb"},"inLanguage":"en-US","potentialAction":[{"@type":"ReadAction","target":["https:\/\/jaczkovics.hu\/en\/dr-hegedus-eszter\/"]}]},{"@type":"BreadcrumbList","@id":"https:\/\/jaczkovics.hu\/en\/dr-hegedus-eszter\/#breadcrumb","itemListElement":[{"@type":"ListItem","position":1,"name":"Kezdőlap","item":"https:\/\/jaczkovics.hu\/en\/home\/"},{"@type":"ListItem","position":2,"name":"dr. Hegedűs Eszter"}]},{"@type":"WebSite","@id":"https:\/\/jaczkovics.hu\/#website","url":"https:\/\/jaczkovics.hu\/","name":"Jaczkovics Ügyvédi Iroda","description":"","potentialAction":[{"@type":"SearchAction","target":{"@type":"EntryPoint","urlTemplate":"https:\/\/jaczkovics.hu\/?s={search_term_string}"},"query-input":{"@type":"PropertyValueSpecification","valueRequired":true,"valueName":"search_term_string"}}],"inLanguage":"en-US"}]}</script>
<!-- / Yoast SEO Premium plugin. -->

dr. Hegedűs Eszter - Jaczkovics Ügyvédi Iroda

dr. HEGEDŰS Eszter attorney-at-lawShe specializes in data protection and data security, labor law, and has extensive expertise in legal issues arising from the operation of educational and cultural institutions, media service providers and newspaper publishers as well. As a data protection and data security lawyer, she has up-to-date knowledge in conducting data protection audits and [&hellip;]

Jaczkovics Ügyvédi Iroda

Kezdőlap
